e the prime factors of c?
2, 2239
List the prime factors of ((-126)/28 - 0) + 76347/6.
2, 3, 5, 53
Let d = -62 - -68. Let h(a) = a - 4. Let b be h(d). Suppose 155 = b*t - 3*f, 9 = 5*t - 2*f - 384. What are the prime factors of t?
79
Let d = 691 - 130. Suppose 0*w = -2*w - c + 1117, -2*c - d = -w. List the prime factors of w.
13, 43
Let d = 126 + -121. Let u be (14/(-10) - -2)/((-1)/d). Let q(g) = -83*g + 4. What are the prime factors of q(u)?
11, 23
Suppose -20*o = -8841 - 236879. List the prime factors of o.
2, 6143
Let m(s) = -22*s + 1395. Let c(b) = -21*b + 1397. Let j(a) = 5*c(a) - 4*m(a). List the prime factors of j(0).
5, 281
Let g = 169 + -169. Suppose -2*z - 39*z + 60721 = g. What are the prime factors of z?
1481
Suppose 0*f + 4*p = 3*f - 92, -f + 4*p = -44. Let s be 500/6 + (-8)/f. Let r = s + 54. List the prime factors of r.
137
What are the prime factors of 6 + 388263/33 + 36/(-66)?
79, 149
Suppose 2*k - 35 = -3*k. Suppose -k*s = -9*s + 264. Let n = s + -54. List the prime factors of n.
2, 3, 13
What are the prime factors of (-288)/(-324) + (-1175990)/(-45)?
2, 73, 179
Let c be (-1551)/(-297) + (-2)/9. Suppose 3*y - 1989 = 6*i - 3*i, 0 = -c*y + 4*i + 3315. List the prime factors of y.
3, 13, 17
Let z(f) = 6 + 59*f + 5*f**2 + 5*f**3 + f**2 - 72*f. Let n be z(4). Suppose g = 6*g - n. What are the prime factors of g?
2, 37
Suppose 6466 = 3*d - 5*n, -106*n = 2*d - 108*n - 4304. What are the prime factors of d?
19, 113
What are the prime factors of 23603 - (21 - -9 - 17)?
2, 5, 7, 337
Let p = -1957 - -2094. Suppose 0 = 5*x - 5 - 95. Let d = p + x. List the prime factors of d.
157
Let q(h) = h - 1. Let g(r) = -441*r - 3. Let k(y) = g(y) - 2*q(y). What are the prime factors of k(-1)?
2, 13, 17
Let t = 251 + -573. Let i = t - -421. What are the prime factors of i?
3, 11
Let a(o) = -300*o - 713. What are the prime factors of a(-14)?
11, 317
Let p(g) = 8*g - 1 - 7*g - 3*g**2 + g + 200*g**3 + 80*g**3. What are the prime factors of p(1)?
2, 139
Let l(y) be the second derivative of -13/12*y**4 + 11/6*y**3 - 1/20*y**5 + 17/2*y**2 - 3*y + 0. What are the prime factors of l(-14)?
59
Let u(p) = -4*p**2 - 10*p + 6. Let l be u(4). Let t = l - -124. List the prime factors of t.
2, 13
Let v be (2 + -3)/((2/1)/2). Let k be v/(-7) + ((-136)/(-28) - 5). Suppose k = 3*b - 5*z - 264 - 254, 2*z + 173 = b. What are the prime factors of b?
3, 19
Suppose 442*u - 437*u - 2*j - 14584 = 0, 2*j = -2*u + 5828. What are the prime factors of u?
2, 3
Let b(a) = 3*a + 38. Let x be b(-12). Suppose 0*h + 5*h + 2679 = x*c, 8 = 4*c. What are the prime factors of h/(-3) + (-19)/3 + 7?
179
Let q(f) = f**3 + 20*f**2 + 13*f - 1. Let a be q(-19). Suppose 119 - a = 2*o. Suppose -5 = -4*i + o*g + 7, -4*g = -i - 10. List the prime factors of i.
2, 3
Let n(g) = -2764*g - 7505. List the prime factors of n(-22).
151, 353
Suppose 4*i + 357 = 7*i. Suppose -o - 4 = 0, 883 = 5*t + 2*o - i. Suppose -7*p + 4*p = 4*f - t, 5*f = -p + 82. List the prime factors of p.
2, 31
Let f be (-36)/(-60) + (-17)/(-5). Let y be 1*3/6*f. Suppose -7*u = -y*u - 415. What are the prime factors of u?
83
Suppose -11*l - 15 = -59. Suppose -5*z = -3*o - 266, 4*z - 6*z + 98 = -l*o. List the prime factors of z.
5, 11
Let d = -112 + 122. Suppose -4*h + 9*h = d, 357 = 3*i + 3*h. List the prime factors of i.
3, 13
Let j = 188 - 157. Suppose 1749 = j*s - 20*s. What are the prime factors of s?
3, 53
Let n = -228 - -808. Suppose -4*t + 3*m = 2*m - 2235, t + 4*m = n. What are the prime factors of t?
2, 5, 7
Let f = -2886 + 5588. List the prime factors of f.
2, 7, 193
Suppose 2*y + y = 2*c - 3714, 5*y + 5568 = 3*c. What are the prime factors of c?
2, 3, 311
Let u = -99 + 102. Suppose b - 6*b - 5*m - 70 = 0, -56 = u*b - 4*m. List the prime factors of 232 + b - 10/2.
211
Let y = -433 - -1477. List the prime factors of (-11)/((-33)/y) - (-2 + 2).
2, 3, 29
Suppose -4349 = -8*p + 19147. What are the prime factors of p?
3, 11, 89
Let m = -5815 + 19898. List the prime factors of m.
14083
Let k(b) = 4*b**2 + b. Let n be k(-1). Suppose 5*v = -4*d + 1345, 2*v - d = n*v - 269. List the prime factors of v.
269
Let g be (7/((-294)/72))/(2/(-889)). Let o be 3/(-6) + g/4. Suppose 110 = 5*j - o. List the prime factors of j.
2, 3, 5
Suppose d + 3*h = 15, 16 = 5*d + 2*h - 20. Let k be 2 + 310/d + (-4)/(-12). Let i = k - 12. What are the prime factors of i?
2, 3, 7
What are the prime factors of ((-698356)/(-8) + -12)*(-12)/(-15)?
2, 34913
Let y be (-647)/3 - 3/9*1. Let p = 192 - y. List the prime factors of p.
2, 3, 17
Suppose -7*r + 3*r - 10*r = -454482. List the prime factors of r.
3, 3607
Let g = 1878 - -171. Suppose 3*h - y - g + 447 = 0, 2*y = -3*h + 1611. Suppose 511 = 5*n - b, 5*n + 8*b = 3*b + h. List the prime factors of n.
103
Let i = -7832 - -11028. List the prime factors of i.
2, 17, 47
Suppose -5*t + 6 + 0 = 3*x, 3*t - 15 = 2*x. Let q be 131 + 20/(t + 2). Suppose 4*c = c + q. List the prime factors of c.
3, 5
Suppose i - 885 = 5*v, 5*i - v - v - 4425 = 0. Suppose 5*b - 10*b = -i. List the prime factors of b.
3, 59
Let k(p) = -p**3 - 40*p**2 + 10*p - 129. What are the prime factors of k(-44)?
5, 7, 41
Let w be -2 + -1 - (-176 - -4). Suppose 2*o - 2*x = 86, 0*x + w = 4*o - x. Let g = 124 + o. List the prime factors of g.
2, 83
Suppose 52151 = 5*c - a, 2386 = c - 4*a - 8067. What are the prime factors of c?
10429
Let i(o) = 18*o + 118. Let v be i(-6). What are the prime factors of (1518/12 + 7)*v?
3, 5, 89
Let i(a) = -6814*a - 4166. What are the prime factors of i(-6)?
2, 11, 1669
Let l(k) = -9*k - 26. Let h be l(-6). Let z = 192 - h. List the prime factors of z.
2, 41
Let k(x) = x - 2. Let r be k(-12). What are the prime factors of (-4)/r - -2577*(-2)/(-42)?
3, 41
Suppose -7*x + 8*x + 4*m = 3394, 0 = -4*m - 28. List the prime factors of x.
2, 29, 59
Suppose 2 = -4*f + 18. Let i = 169 - 22. Suppose -f*b + i = -b. List the prime factors of b.
7
Let n(y) = 2*y**2 + 173*y + 8902. List the prime factors of n(-48).
2, 19, 137
Let c be 4*((-21)/14)/(-3). Suppose c*b - 767 = 1341. List the prime factors of b.
2, 17, 31
Suppose 0 = 16*t - 11*t + 5*k - 35585, t - 3*k - 7105 = 0. What are the prime factors of t?
2, 3557
Let v(u) = -u**2 + 16*u + 262. Let l be v(-10). List the prime factors of 5/3*459/15*l.
2, 3, 17
What are the prime factors of (10*168/(-960))/((-2)/3728)?
2, 7, 233
Let h(i) = -i**2 + 4*i + 14. Let f be h(6). Suppose 4*c = f*w - 1812, -2*c = 5*w - 3*c - 4539. List the prime factors of w.
2, 227
Suppose a - 34*a = -579785 - 867430. What are the prime factors of a?
5, 7, 179
Let n(i) = 9 + 11 - 75 - 220 - 193*i. List the prime factors of n(-8).
3, 47
Let w be 4*-4 + 4/(-4). Let l = -27 + w. Let d = 137 + l. What are the prime factors of d?
3, 31
Let j(o) = 4*o**3 - 14*o**2 - 8*o - 2. Let n be j(4). List the prime factors of n - (136320/(-8))/8.
2, 7, 19
Suppose 3*u - 5*a - 6002 = 3750, 4*u = 3*a + 12999. What are the prime factors of u?
3, 19
Suppose -39*v + 2*t - 11983 = -42*v, 3*t + 19940 = 5*v. List the prime factors of v.
13, 307
Suppose 5*p - 20 = -5*g - 60, g - 4*p + 28 = 0. Let z be 79 + (g/(-9))/((-2)/(-3)). Suppose 3*v + 3*w = 27 + z, v - 16 = 4*w. List the prime factors of v.
2
Suppose z + 5*u - 6854 = 0, 3*z = -0*u + 2*u + 20494. List the prime factors of z.
2, 3, 17, 67
Suppose 0 = -651*m + 95*m + 13774900. What are the prime factors of m?
5, 991
Suppose -10*f = -11 - 9. Suppose f*u = 6*u - 172. Suppose 0 = -9*z + u + 389. List the prime factors of z.
2, 3
Let l = -1627 + 1698. Suppose -2 = -4*c - 3*o, -c + 12 = 4*c - o. Suppose -27 - l = -c*n. What are the prime factors of n?
7
Let l(o) = 43*o**3 - 15*o**2 - o + 6. List the prime factors of l(5).
3, 1667
Let c(v) = v**2 + 43*v - 221. Let j be -7*(-10)/3 + 14/21. List the prime factors of c(j).
19, 73
Let r = -5820 - -5910. Let z = 28 - 43. Let g = z + r. List the prime factors of g.
3, 5
Let i = -122 + 124. Let d be ((-10)/3 + i)*(-36)/2. List the prime factors of (64/12)/(8/d).
2
Let y be 32/(-8) + (9/3 - 0). Let w(r) = -843*r**3 - 5*r**2 - 8*r - 3. List the prime factors of w(y).
3, 281
Let x(j) = 7*j**2 - 4*j + 15411. What are the prime factors of x(0)?
3, 11, 467
Suppose 0 = 5*y + 10, -6*y + 2*y - 340 = 4*w. What are the prime factors of (w - -82)/((-2)/35